- 4)
-5
Evaluate -3 + -1 + 1 - (1 + -4).
0
What is 6 + -5 - (-5 + 10)?
-4
What is the value of 1 + 1 + -1 + -6?
-5
What is the value of 4 - (-1 - (0 + 0))?
5
(-3 + 0 - -2 - 3) + 7
3
What is 0 + -4 + 2 + 38 + -40?
-4
-5 + -2 + 0 - -3
-4
What is -3 + -7 + 5 - -9?
4
Evaluate -3 + 2 + (-5 - (3 - 10)).
1
-7 + 0 + -2 - -16
7
Evaluate 4 + -5 + 5 + 1.
5
-1 + -1 + 1 - (-7 + 1)
5
What is the value of -2 + -1 + 4 + -3?
-2
21 + -12 - (3 + (2 - -1))
3
-9 - (3 + -3 - 5)
-4
Calculate -2 - (7 - (3 - -4)).
-2
Evaluate -1 - (-2 - 3) - 6.
-2
4 + -3 + (-5 + 4 - -2)
2
Calculate -7 - (0 + -23 + -37 + 45).
8
What is 4 + 10 + -4 + 1?
11
What is the value of (2 - 5) + (0 - 2)?
-5
Evaluate (3 + -7 - (11 - 13)) + 3.
1
5 - (-8 - -5) - 15
-7
What is the value of 5 + -3 - (-7 + 6)?
3
Calculate -3 - -1 - (-14 - -8).
4
What is -8 + 1 + -95 + 103?
1
Calculate 2 + (3 + -4 - -1).
2
What is 12 + -14 + 3 + (1 - -1)?
3
(-5 - (-3 - 8)) + -8 - 6
-8
(-2 - (-3 - (8 + -4))) + -1
4
What is -5 + (9 - 4 - 2)?
-2
Evaluate 12 - 15 - (0 + (-3 - 1)).
1
3 + (1 + -4 - 4)
-4
What is 7 - (3 + -7 - -9)?
2
Calculate -2 + 3 + 3 - 3.
1
What is (-2 - (-11 + 4) - 5) + -3?
-3
Calculate 23 - 27 - (1 - 0).
-5
-5 + 10 + -5 - 1
-1
Evaluate -2 + (0 - -2) + -1 + -1.
-2
-7 + -2 + -59 + 63
-5
Calculate 4 + -9 + -1 - -1.
-5
Calculate (-6 + (11 - 2) - 4) + 6.
5
Evaluate (-1 - (-11 + 5)) + -6.
-1
1 + -7 + 13 - (16 - 13)
4
Evaluate 3 - ((3 - 0) + (5 - 2)).
-3
Evaluate 15 + -15 + 2 - (-2 - 0).
4
What is the value of 9 + -8 + -2 + (-3 - -1)?
-3
What is 7 + -13 + 1 + 4?
-1
Calculate -2 - (-4 - 1 - -1).
2
Evaluate 4 + -1 - -1 - 6 - 1.
-3
What is the value of 13 - 0 - (17 + 3 + -13)?
6
Calculate 3 + -1 - (4 - -1).
-3
What is 3 + (-3 - 2) - (2 + -3)?
-1
(15 - 2) + 95 + -102
6
(-1 - 1) + -2 + (-6 - -9)
-1
What is the value of 1 + 2 - (6 + -4)?
1
Evaluate 0 - ((3 + -2 - 1) + -4).
4
(0 - (5 - 2) - -1) + 5
3
12 + (-6 + 7 - 8) + 4
9
Calculate 1 - (-4 + 2 + 0 + 1).
2
-4 + (-2 - -3) - (1 - 2)
-2
What is the value of 0 + 6 - (-119 + 118)?
7
What is the value of -3 + 2 + (-2 - (-1 - -3))?
-5
Calculate 5 + -6 + 3 - 6 - -7.
3
Calculate -2 + -7 + 5 + 7 - -6.
9
What is the value of -14 + 10 + 0 + 2 + -1?
-3
What is the value of -3 + 1 - 2 - (8 - 9)?
-3
What is (2 - 0 - 4) + 3?
1
What is the value of (-17 - -9) + 0 + 5?
-3
-3 - (0 + -2) - 3
-4
What is the value of -2 + (9 - 1) + -6?
0
What is the value of (-2 - (0 - -1)) + (2 - -1)?
0
Evaluate -5 + (-3 - -4) - (3 - 5).
-2
What is the value of 5 + 1 + -4 - (-2 + -2)?
6
What is -7 + (40 - 37 - (1 - 1))?
-4
What is the value of (-8 - -10) + (2 - 0)?
4
Calculate 3 + (-3 + 2 + -2 - -2).
2
Evaluate (9 - -1 - 1) + -8.
1
What is -3 + 0 - (-9 + -2 + 8)?
0
Calculate 1 + (5 - 7) + 5.
4
What is 4 + (-4 + -1 - -4)?
3
-1 - 4 - (-4 - -3)
-4
What is -5 + (-5 - (2 - 4) - -4)?
-4
What is -3 - (-7 - (-3 - -2))?
3
What is the value of 0 + (0 - 0) - 1 - -5?
4
What is the value of 0 - (9 + (0 - (3 + 1)))?
-5
What is the value of 1 + 3 + 36 + -34?
6
(-12 - (-4 - 1)) + -4 + 5
-6
-1 - (-5 + (-1 - -10))
-5
What is the value of -1 - ((25 - 9) + -13)?
-4
Calculate 13 - (24 - (-3 + 15)).
1
What is -1 + (3 - -5) + 0 + -3?
4
What is (-6 + 10 - 6) + -5?
-7
Evaluate -86 + 85 + (6 - (2 - 0)).
3
What is -4 + -1 + 12 + -5?
2
Calculate -6 + 3 - (9 - 14).
2
-1 + 4 - (41 + -39)
1
Calculate (3 - (3 + 7)) + 5.
-2
What is (0 - -6 - 1) + 0 - 3?
2
What is (6 - 0) + (-1 - (2 - 1))?
4
Calculate 16 - 3 - 8 - (0 + 1).
4
What is (2 - -6 - -2) + (-25 - -19)?
4
What is the value of -9 - -3 - (-3 - (-4 + 0))?
-7
Evaluate -10 + 14 - (3 + -4).
5
Evaluate (-2 + (-2 - -1) - -6) + 1.
4
Calculate 9 + 8 + -2 + -9.
6
What is the value of -1 + 1 + 7 - (29 - 22)?
0
0 + -7 + (-1 - -3)
-5
What is the value of (0 - 1) + -5 + -20 + 21?
-5
What is the value of 0 + 8 + -1 + -2?
5
What is the value of -11 + 22 + -21 + 6?
-4
Calculate 2 + 6 + -12 + 6 + -7.
-5
Evaluate 3 - (2 - (-1 + 0)).
0
Calculate 3 - 1 - (2 - 1).
1
What is -6 + -10 + 12 + 10?
6
Evaluate -13 + 6 + 8 + 10.
11
What is ((2 - 5) + 7 - 2) + 1?
3
Calculate 0 + -11 + -8 + 14.
-5
Calculate -1 - (-5 - (4 + -7)).
1
Calculate (4 - 2) + -1 + 3.
4
What is the value of -3 - -8 - ((5 - 8) + 2)?
6
-4 - (-4 - 4) - 5
-1
What is -9 - -2 - (10 - (2 - -7))?
-8
What is the value of -5 + 6 + -1 + -1?
-1
What is -4 - (-13 + 13 - (9 + -1))?
4
-9 + 9 + 4 - (2 - 0)
2
Evaluate 6 - (71 + -65 - (6 + 0)).
6
What is the value of 1 + (18 - 10) + -17?
-8
Evaluate 4 - (0 + (-1 - 2 - -8)).
-1
Evaluate 2 - -1 - (0 - -6) - -3.
0
What is (2 + -4 - 0) + -1?
-3
Calculate -3 + 3 + -2 - -7.
5
Calculate -8 + 2 + 0 + -47 + 51.
-2
Calculate -6 + (-3 - -5) + -3 + 3.
-4
What is 1 + -3 + -7 + 8?
-1
Calculate (4 - -1) + (16 - 17).
4
-8 + 5 + 5 + -11 + 5
-4
What is -6 - (-2 - 0) - -3 - 1?
-2
Evaluate (-8 - -12) + (0 - 6).
-2
What is the value of 0 + 7 + (8 - (13 - 4))?
6
6 + -16 + 13 + 3
6
Evaluate -10 + 7 + 0 + 5.
2
What is the value of 2 - ((15 - 4) + -4)?
-5
132 - 133 - (0 + 9)
-10
Evaluate (-13 - -22) + -7 - (0 + 2).
0
What is 38 + -30 - (15 - 2)?
-5
7 + -14 + (1 - -16)
10
-50 - -47 - ((1 - 1) + 1)
-4
What is the value of -3 - ((0 - (-2 + -1)) + -14)?
8
What is (-2 - (-4 - (-5 - 0))) + -1?
-4
What is the value of -3 + 8 - (-2 + 6)?
1
What is 13 - (1 - (4 + -13))?
3
What is the value of 8 - (4 - (-5 - 2))?
-3
What is the value of -3 + 1 - (0 - 0)?
-2
Calculate (12 - 3) + -4 - (-5 + 9).
1
-1 + 12 + (-31 - -17)
-3
Calculate 3 - 7 - (4 + -8 + 1).
-1
What is the value of -2 + 2 - (0 - (5 - 7))?
-2
Evaluate -3 + -1 + 1 + (0 - -1).
-2
What is 1 - (6 + -3 + 2)?
-4
(2 + -4 - -1) + -1
-2
Evaluate 4 + 3 + 0 + -6.
1
Calculate (-4 - -4) + (-26 - -6) + 9.
-11
-2 - -5 - (-7 - -15) - -12
7
Calculate -3 - (-3 - (-3 + 2 + 1)).
0
What is -11 - -6 - (-8 + -1)?
4
Calculate -1 + 11 + 21 + -22.
9
Evaluate -3 + (0 - -4) - 3.
-2
What is 0 + -1 + (7 - 7) + -3?
-4
(19 - 15) + -2 + 3
5
(-3 - 3 - 1) + 3 + 5
1
Calculate (-11 - -7) + -6 - -9.
-1
Evaluate 2 - ((-4 - 0) + 1).
5
0 - 1 - (3 - (3 + 3))
2
What is the value of -1 - 1 - (-11 - -11)?
-2
Evaluate -4 + -1 - (0 - 2).
-3
What is the value of -1 - (4 - 0 - 10)?
5
Evaluate (-1 - 0) + (-8 - -1 - -6).
-2
(2 - 1) + 6 - (5 - 2)
4
What is the value of (-8 - (-7 - -2)) + 1?
-2
What is -1 + 0 - ((-12 - -19) + -4)?
-4
What is the value of 1 + -2 - 4 - (-2 - 0)?
-3
What is the value of 1 - (-2 + 2 + 0 - -1)?
0
What is the value of 2 + -7 - (11 + -29 + 7)?
6
Calculate -8 + (0 - -3 - (-6 - -5)).
-4
What is the value of (3 + -10 - -17) + -14?
-4
Calculate -19 + 21 + (-1 - 0).
1
Calculate 5 + -14 + 6 + 1.
-2
Calculate 25 + -25 + (-2 - (0 - -1)).
-3
What is the value of 5 + -6 + 3 + -5?
-3
Evaluate (-12 - 0 - -7) + 11.
6
5 + 1 + -3 + -5 - -1
-1
What is -14 + (30 + -24 - (1 - 0))?
-9
Evaluate -2 + (-4 - -6) + -4.
-4
What is 0 + 4 + -4 - 2?
-2
3 - (1 - (-5 - (9 - 5)))
-7
What is -5 - (-12 + -5 + 7) - 3?
2
What is (-3 - ((-1 - -3) + -4)) + 1?
0
Evaluate 9 - (24 - (6 + 0)).
-9
What is the value of (-1 - (2 + 2 + -2)) + 8?
5
Evaluate 5 - (-3 - (-5 + 1)).
4
What is the value of -3 + (-4 - -6) + 1 + -2?
-2
What is the value of -4 + (8 + -6 - (1 - 0))?
-3
What is 5 + (-1 - 1) + (-3 - 0)?
0
Evaluate (4 - (1 + -3 + 7)) + -6.
-7
0 + -2 + -1 - (26 + -31)
2
What is 22 + -32 + -2 + 15?
3
What is the value of 4 + 2 - ((6 - 0) + -3)?
3
What is the value of -3 + (-4 + 4 - 1) - -2?
-2
What is 1 - -3 - (3 - 3) - 2?
2
What is 1 + -1 + (4 - 1)?
3
Evaluate (7 - (4 + -4)) + -2.
5
Evaluate (-1 - (8 + -4)) + 0 + 1.
-4
2 + 1 + 0 - (1 + 0)
2
What is the value of 1 + 2 - (-7 + -15 + 19)?
6
Evaluate 1 + (1 - (1 - (4 - 3))).
2
What is the value of (-4 - -1) + (4 - (1 - 0))?
0
What is the value of 4 + (-10 + 10 - 3)?
1
What is the value of 6 + -9 + 1 + -2?
-4
What is the value of -4 - (-20 - -9) - 11?
-4
What is (4 - (0 + -2 - -3)) + -1?
2
What is -3 + (-2 - (-9 - 2) - 3)?
3
Evaluate 0 - -4 - 0 - (3 - -4).
-3
Calculate (3 - (-1 + 5)) + 1 + -2.
-2
Calculate -2 + (-6 - -1 - -3).
-4
1 - 7 - (-2 - (-18 + 23))
1
What is the value of 0 + (1 - 3 - -7)?
5
Evaluate 2 - (2 + 1 + -6).
5
Calculate (0 + 1 - 1) + (46 - 45).
1
What is -2 + (0 - 0) + -3?
-5
What is -13 - (-7 + 2 + 1 + -2)?
-7
What is -2 - (-6 - 0 - 3 - 1)?
8
Evaluate (-5 - -2) + 3 + -1 + 3.
2
Evaluate 0 + (8 - 5) + -7.
-4
Calculate 0 + 2 + -5 + (-2 - -4).
-1
Evaluate -9 + 17 - 6 - (-2 + -1).
5
Cal